
Let n(m) = -5*m. Determine n(3).
-15
Let j(g) = -4*g + 79. Determine j(20).
-1
Let v(w) = -w**2 + 3*w + 174. Calculate v(15).
-6
Let v(n) = 2*n**2 - 3*n - 1. What is v(4)?
19
Let m(k) = -k**3 - k**2 + k. Determine m(3).
-33
Let w(b) = b**3 - 20*b**2 - 20*b - 46. What is w(21)?
-25
Let g(b) = 3*b + 55. Determine g(-16).
7
Let r(f) = -7*f - 26. Determine r(-5).
9
Let i(d) = 3*d + 82. Give i(-32).
-14
Let h(v) = v**3 + 7*v**2 + 3*v + 10. Calculate h(-6).
28
Let l(w) = w**3 + w**2 - 10*w + 9. Calculate l(5).
109
Let m(s) = -2*s - 24. Calculate m(11).
-46
Let k(f) = -f + 3. Give k(-4).
7
Let l(v) = 2*v**3 - 19*v**2 - 10*v - 3. Calculate l(10).
-3
Let z(g) = g**3 + 12*g**2 + 2*g + 24. Determine z(-12).
0
Let y(g) = 2*g**2 - 7*g - 23. Give y(7).
26
Let w(z) = 21*z**2 + z. Calculate w(-1).
20
Let w(l) = l**3 + 3*l**2 + 3*l. Give w(-4).
-28
Let h(u) = u**3 + 13*u**2 + 2*u + 19. What is h(-13)?
-7
Let m(x) = -x**2 + 4*x - 3. Determine m(3).
0
Let l(f) = -3*f - 52. Determine l(-21).
11
Let l(a) = -2*a - 1. Determine l(-1).
1
Let l(t) = t**3 + 10*t**2 + 7*t - 1. What is l(-9)?
17
Let l(x) = 3*x**2 - 8*x - 4. What is l(6)?
56
Let i(s) = -2*s - 2. Calculate i(0).
-2
Let x(z) = z**3 - 10*z**2 - 11*z + 16. What is x(11)?
16
Let h(b) = -b**2 - 10*b - 22. Give h(-5).
3
Let m(a) = a**2 - 5*a - 31. Calculate m(9).
5
Let j(k) = -20*k - 211. Give j(-11).
9
Let m(a) = -a**3 + 10*a**2 + a - 86. What is m(9)?
4
Let i(t) = 2*t + 19. Determine i(-16).
-13
Let k(n) = -2*n**2 + 29*n + 22. Calculate k(15).
7
Let u(y) = -2*y**3 + y**2 + 4*y - 6. Calculate u(2).
-10
Let h(v) = 19*v + 60. Calculate h(-7).
-73
Let r(f) = -2*f**3 + 31*f**2 + 16*f + 5. What is r(16)?
5
Let z(y) = -4*y**2 + 146*y - 81. What is z(36)?
-9
Let o(g) = -26*g + 62. What is o(3)?
-16
Let b(k) = 5*k + 50. Calculate b(-10).
0
Let j(g) = 2*g + 36. Calculate j(-10).
16
Let n(g) = 12*g**2 + 64*g - 10. Determine n(-6).
38
Let f(m) = -m**3 - 15*m**2 + 14*m - 15. Determine f(-16).
17
Let w(x) = -3*x**3 + 18*x**2 + 4*x - 20. Calculate w(6).
4
Let y(j) = -2*j - 4. Calculate y(3).
-10
Let i(k) = k**2 + 27*k + 78. What is i(-23)?
-14
Let w(z) = z**3 + 15*z**2 - 2*z - 15. Calculate w(-15).
15
Let b(j) = 15*j - 4. Determine b(3).
41
Let n(x) = 2*x**2 - 57*x - 35. Give n(29).
-6
Let q(c) = 2*c**2 + 41*c + 2. Determine q(-21).
23
Let k(j) = j - 3. What is k(0)?
-3
Let i(v) = 3*v**2 + 3*v - 11. What is i(2)?
7
Let f(l) = -3*l - 6. Determine f(-3).
3
Let h(s) = -7*s**2 + 2*s - 1. Calculate h(1).
-6
Let u(b) = -3*b + 25. What is u(17)?
-26
Let n(x) = x**3 - 9*x**2 - 17*x - 37. Give n(11).
18
Let q(n) = -6*n - 92. Calculate q(-17).
10
Let z(n) = -n - 2. Determine z(5).
-7
Let r(g) = -g**3 + 7*g**2 - 6*g - 8. Give r(5).
12
Let t(w) = -3*w - 8. Calculate t(-9).
19
Let v(z) = -7*z + 140. Give v(21).
-7
Let v(c) = 2*c**2 + 21*c - 31. Calculate v(-13).
34
Let b(v) = -26*v + 190. Give b(7).
8
Let p(m) = 11*m + 175. Determine p(-13).
32
Let a(x) = -x**3 + 2*x**2 + 17*x - 7. What is a(5)?
3
Let r(c) = -5*c - 11. Calculate r(6).
-41
Let z(c) = -c**3 + 6*c**2 - 4*c - 3. Determine z(6).
-27
Let l(r) = r**2 - 10*r - 62. Give l(15).
13
Let y(i) = -4*i + 23. Determine y(6).
-1
Let q(a) = -a**3 - 10*a**2 + 76*a + 19. Determine q(-15).
4
Let x(c) = -c**2 + 9*c - 25. Give x(7).
-11
Let j(q) = q**2 + 2*q - 3. What is j(-4)?
5
Let f(l) = l**2 - 15*l + 19. Determine f(14).
5
Let w(n) = n + 12. Determine w(-13).
-1
Let s(i) = -14*i - 40. Determine s(-6).
44
Let b(k) = k**3 + 6*k**2 - 50*k - 3. Calculate b(-11).
-58
Let c(a) = -a**3 + 6*a**2 + 8*a - 44. Give c(6).
4
Let u(l) = l**2 + l - 2. What is u(-2)?
0
Let k(f) = 7*f - 3. Determine k(-2).
-17
Let d(p) = 39*p**2 - p + 2. What is d(-1)?
42
Let s(d) = -d**3 + 2*d**2 + d - 7. Give s(3).
-13
Let z(s) = -8*s - 3. Determine z(5).
-43
Let u(h) = h**3 - 17*h**2 - 19*h + 32. Determine u(18).
14
Let c(z) = -2*z**2 + 7*z + 139. Calculate c(10).
9
Let k(a) = -30*a - 2. Calculate k(-3).
88
Let y(b) = 2*b**2 - 19*b - 41. Calculate y(11).
-8
Let j(f) = -8*f - 76. What is j(-17)?
60
Let b(j) = j**3 + 7*j**2 + 13*j + 11. Calculate b(-5).
-4
Let i(o) = -o**2 - 12*o + 2. Determine i(-5).
37
Let g(n) = -n + 21. Calculate g(20).
1
Let h(x) = 3*x + 16. Give h(-5).
1
Let j(h) = -h**3 + 24*h + 32. Determine j(-4).
0
Let r(p) = p - 35. Calculate r(31).
-4
Let g(c) = c**3 + 5*c**2 - 2*c - 2. Calculate g(-4).
22
Let y(c) = c - 13. Give y(-8).
-21
Let o(m) = -8*m**2 + 2*m + 1. Determine o(-1).
-9
Let i(l) = l**3 - l**2 + l + 16. Determine i(0).
16
Let w(c) = -59*c - 476. Determine w(-8).
-4
Let s(n) = -13*n**3 + 4. What is s(2)?
-100
Let q(b) = -b**3 - 2*b**2 + 11*b + 10. Give q(-5).
30
Let x(k) = k + 22. Determine x(-7).
15
Let p(y) = y + 20. What is p(-10)?
10
Let w(c) = -11*c. Determine w(-2).
22
Let k(u) = -u**2 - 8*u - 5. Give k(-6).
7
Let x(c) = -c**2 - 14*c - 6. Calculate x(-15).
-21
Let f(s) = 2*s**3 - 56*s**2 + 52*s + 51. What is f(27)?
-3
Let g(c) = 10*c - 4. Calculate g(2).
16
Let f(t) = t**3 + 7*t**2 - 8*t + 1. Calculate f(-8).
1
Let l(i) = 5*i + 7. Give l(5).
32
Let l(w) = -w**3 + 11*w**2 - 19. What is l(11)?
-19
Let i(j) = 66*j - 463. Calculate i(7).
-1
Let j(p) = p + 26. Determine j(-25).
1
Let n(z) = z**3 + 4*z**2 - 11*z + 7. Calculate n(-6).
1
Let n(z) = -2*z - 57. Calculate n(25).
-107
Let t(u) = -20*u - 101. What is t(-5)?
-1
Let j(b) = b**2 - 42*b + 380. Calculate j(29).
3
Let w(y) = y**2 - 11*y + 10. Calculate w(7).
-18
Let y(u) = -70*u + 2. What is y(1)?
-68
Let c(k) = k**2 + 4*k + 3. Determine c(-1).
0
Let t(i) = i**2 - 8*i + 7. Calculate t(5).
-8
Let d(q) = q + 22. Determine d(-13).
9
Let w(z) = -z**3 - 15*z**2 + z + 9. Determine w(-15).
-6
Let d(p) = -p**3 + 5*p**2 - 1. Give d(-4).
143
Let h(x) = 3*x + 1. Calculate h(5).
16
Let c(l) = -l**2 - 27*l - 118. Calculate c(-5).
-8
Let v(i) = -17*i + 17. Calculate v(6).
-85
Let d(v) = -v**2 - 20*v - 3. What is d(-20)?
-3
Let s(l) = -14*l**2 + 34*l + 24. Give s(3).
0
Let u(a) = 2*a - 7. Determine u(-4).
-15
Let s(u) = 2*u + 7. Determine s(-5).
-3
Let k(g) = 3*g - 12. Give k(6).
6
Let t(o) = 9*o - 54. Calculate t(6).
0
Let g(u) = -u**3 - 14*u**2 - u - 11. Determine g(-14).
3
Let q(u) = u. Determine q(5).
5
Let c(u) = 2*u**2 - 14*u + 25. Determine c(5).
5
Let o(y) = y**2 + 8*y + 7. What is o(-5)?
-8
Let n(j) = j**3 - 34*j**2 - 69*j - 72. Give n(36).
36
Let j(h) = -5*h + 56. Give j(26).
-74
Let c(k) = k**2 + 2*k + 123. Give c(0).
123
Let w(c) = 22*c + 200. Give w(-9).
2
Let x(i) = -i**3 - 8*i**2 - 7*i - 3. Calculate x(-7).
-3
Let l(k) = -k**3 + 9*k**2 - 8. Calculate l(10).
-108
Let s(k) = -k**3 + 3*k**2 + k + 1. Give s(3).
4
Let u(t) = t**3 - 7*t**2 - 10*t - 1. Calculate u(8).
-17
Let q(t) = -5*t**2 - 3*t - 2. Calculate q(-3).
-38
Let z(x) = -x**3 + 15*x**2 + 19*x - 65. Determine z(16).
-17
Let s(h) = -2*h**2 - 11*h - 11. What is s(-4)?
1
Let v(d) = -2*d + 46. Give v(25).
-4
Let k(s) = 21*s + 4. Give k(2).
46
Let r(z) = -z**2 - 3*z + 31. Calculate r(-8).
-9
Let a(s) = s**2 + 6*s + 8. What is a(-5)?
3
Let n(q) = -q**3 - 6*q**2 - 4*q + 6. What is n(-5)?
1
Let q(r) = 2*r**2 - 14*r + 7. What is q(7)?
7
Let y(j) = 19*j. Calculate y(1).
19
Let j(u) = -u**3 + 40*u**2 - 81*u + 195. Calculate j(38).
5
Let k(q) = 4*q**2 + q - 27. What is k(-7)?
162
Let y(a) = 22*a + 2. Give y(-1).
-20
Let k(b) = -9*b - 389. Calculate k(-44).
7
Let f(v) = -v**2 + 28*v - 6. What is f(28)?
-6
Let z(f) = 2*f**2 - 39*f - 5. Give z(20).
15
Let v(l) = 57*l - 2. Calculate v(2).
112
Let p(y) = -y**2 + 2*y + 15. Give p(-2).
7
Let v(u) = -65*u - 386. What is v(-6)?
4
Let x(o) = 2*o - 62. Calculate x(19).
-24
Let c(v) = -12*v - 58. What is c(-5)?
2
Let b(l) = -2*l**2 + 3*l - 5. Calculate b(2).
-7
Let b(j) = -14*j - 4. Determine b(-1).
10
Let u(f) = 3*f**2 - f - 5. Calculate u(0).
-5
Let o(r) = 6*r**2 - 2*r. Give o(1).
4
Let v(j) = -7*j + 3. Calculate v(2).
-11
Let u(y) = y**2 - 22*y - 80. Calculate u(26).
24
Let w(q) = q**3 + 5*q**2 + 4*q + 1. Give w(-3).
7
Let b(u) = u**3 - 14*u**2 + 2*u - 19. Determine b(14).
9
Let k(t) = t**3 + 8*t**2 - 11*t + 3. What is k(-9)?
21
Let a(v) = v**3 + 14*v**2 - 15*v + 3. Calculate a(-15).
3
Let w(v) = -5*v**2 + 2*v + 7. What is w(3)?
-32
Let i(d) = 2*d. Determine i(0).
0
Let d(c) = 4*c**2 + 21*c - 24. Determine d(1).
1
Let j(i) = 4*i**2 - i - 1. What is 